)) is divided by 12?
10
Suppose 3*b = 1 + 5. Suppose v = -b*v + 27. Suppose 3 = k - 2. Calculate the remainder when v is divided by k.
4
Let h(b) be the third derivative of b**5/15 - b**4/8 + b**3/2 - 3*b**2. Calculate the remainder when h(2) is divided by 7.
6
Suppose 3*s - 49 = 3*u - 8*u, 0 = 2*u - 10. Suppose -196 = -5*d - 41. Calculate the remainder when d is divided by s.
7
Let t(y) = -11*y + 2. Calculate the remainder when t(-4) is divided by 121/5 - 3/15.
22
Suppose 0 = -6*d + 3*d + 3. Calculate the remainder when (-133)/(-76) - 1/(-4) is divided by d.
0
Let c = 68 - 37. What is the remainder when c is divided by 16?
15
Suppose 0 = -3*h - h + 12. Suppose 0 = x - 0 - h. Let a(y) = -2*y**2 - 18*y + 23. Calculate the remainder when x is divided by a(-10).
0
Let g(a) = -a**2 + 2*a + 17. What is the remainder when 30*(-1)/6*-10 is divided by g(0)?
16
Suppose -5*n + 4*l - 47 = 3*l, -6 = 2*l. What is the remainder when 8/n*-1*20 is divided by (-155)/(-25) + 2/(-10)?
4
Suppose -4*a - 15 = -3*w, 3 = 4*a - w + 8. Let u = 4 + a. Suppose u*g = 40 + 20. Calculate the remainder when 44 is divided by g.
14
Suppose -w = k + 2*k - 14, 5*w = 25. Suppose 0 = v + 2 - k. Calculate the remainder when v is divided by 1.
0
Suppose 105 = 2*v + 3*v. Let d(z) = 2*z**2 - 7*z + 5. Let s be d(4). Let m = s - -3. Calculate the remainder when v is divided by m.
9
Let u(f) = 6*f - 19. Let g be (-17)/(-2) + (-3)/6. Suppose -7*j + 60 = -3*j. Calculate the remainder when u(g) is divided by j.
14
Let j be 8/10*10/4. Suppose 3*u - 5*y = -6 + 32, -4*u - 2*y = -52. Let t = j + u. Calculate the remainder when t is divided by 8.
6
Let c(a) = 6*a. Let l be c(-3). Let j = -6 - l. Suppose -4*b + 57 + 35 = 0. Calculate the remainder when b is divided by j.
11
Suppose 11*h - 4*h - 56 = 0. Let a(z) = 13*z**3 - 2*z**2 + 1. Let d be a(1). Suppose 5*g = g + d. What is the remainder when h is divided by g?
2
Calculate the remainder when (-76)/(-19)*(1 - -9) is divided by 14.
12
Let d(y) = -3*y + 1. Let p = -2 + 6. Suppose a - 15 = p*a. What is the remainder when d(a) is divided by 6?
4
Suppose 3*l - 4*l + 22 = 0. What is the remainder when l is divided by 8?
6
Let q = -16 + 45. Suppose 4*m + a - 6*a = 65, 5*m + 4*a = 30. Calculate the remainder when q is divided by m.
9
Let b = 281 - 176. Suppose 4*s - b = 5*z, 2*z = -s - 0*s + 36. Let u = -9 + 17. Calculate the remainder when s is divided by u.
6
Let r(m) = 3*m - 30. What is the remainder when 20 is divided by r(12)?
2
Suppose -7*p = -2*p. Let t(v) = 3*v - 10. Let i be t(14). Suppose 4*f - 8*f + i = p. Calculate the remainder when 15 is divided by f.
7
Let i(y) = y**3 - 9*y**2 + 10*y + 4. Suppose -r - 71 = -5*j + 3*r, -2*j - r + 18 = 0. What is the remainder when i(8) is divided by j?
9
Suppose 906 = 12*g + 174. Calculate the remainder when g is divided by 9.
7
Let a = -6 + 16. Calculate the remainder when 19 is divided by a.
9
Let y = -14 + 27. Let a be 213/6*(-3 - -1). Let i = -35 - a. What is the remainder when i is divided by y?
10
Let f(n) = 5*n**2 + 4*n - 1. Let w be f(3). What is the remainder when 13 is divided by 16/w + (-66)/(-14)?
3
Let u(d) = -3*d**3 + 3*d**2 + 6*d + 8. Let y(q) = 16*q**3 - 15*q**2 - 30*q - 41. Let r(z) = -11*u(z) - 2*y(z). What is the remainder when 27 is divided by r(5)?
13
Suppose -5*u = -2*u - 12. Suppose 0 = -u*l + 8 + 4. Suppose -2*p + l*p + 3*j + 9 = 0, 49 = 4*p - 5*j. What is the remainder when 10 is divided by p?
4
Let q be -1 + (-1)/(-2)*2. Suppose q = -4*h + s - 12 + 71, 58 = 3*h + 2*s. What is the remainder when 45 is divided by h?
13
Suppose 2*s = 2 + 4. Suppose -c = s*c - 12. What is the remainder when (8/(3 - 1))/1 is divided by c?
1
Suppose j + 64 = 2*j. Calculate the remainder when j is divided by 22.
20
Suppose -3*s + 212 = s. What is the remainder when s is divided by 14?
11
Suppose -m = 4*m. Suppose 0 = -g - 5*a + 1 - 2, m = 3*a + 12. What is the remainder when 55 is divided by g?
17
Let c be 328/5 + 6/(-10). Suppose -t - c = -6*t. Calculate the remainder when t is divided by 4.
1
Let j(p) = 5*p - 7. Let s be j(5). Let w = -11 + s. What is the remainder when w is divided by 2?
1
Let q = 6 + 13. Calculate the remainder when 35 is divided by q.
16
Suppose -8*i = -3*i - 80. Calculate the remainder when i is divided by 4.
0
Let n = 5 - 7. Let h be 70/(-20)*(0 - n). Let b = 11 + h. What is the remainder when 10 is divided by b?
2
Suppose -2*s + 4*m + 30 = 0, 2*s - 2*m = 24 + 6. What is the remainder when 24 is divided by s?
9
Let f = -44 - -100. Calculate the remainder when f is divided by 19.
18
Let h be ((-6)/(-4))/(1/30). Suppose 0 = n - 0*n + h. Let z = -32 - n. Calculate the remainder when z is divided by 5.
3
Let u = 61 - 49. Calculate the remainder when 46 is divided by u.
10
Let d(b) = -b - 3. Let w be d(-6). Suppose 2 - 14 = w*u, t - u = 76. Let j = -37 + t. What is the remainder when j is divided by 12?
11
Let g = 59 + -41. Let j(l) = 3*l - 6. Let c be j(4). Let n = g - c. Calculate the remainder when 34 is divided by n.
10
Let g = -38 - -48. Calculate the remainder when 35 is divided by g.
5
Let g = 3 + 22. Let m = 223 - 125. Calculate the remainder when m is divided by g.
23
Let x = 12 - -20. Let r = x - 13. Let p(s) = -s**3 + 7*s**2 - 5*s - 1. Calculate the remainder when r is divided by p(6).
4
Suppose 5*i + 3 = 2*t - 278, 728 = 5*t - 4*i. Suppose -t = -2*h - 2*h. Calculate the remainder when h is divided by 19.
18
Suppose -8 = -2*d + x, 0 = -d - 3*d - x + 22. Let q = -11 - 7. Let t = q - -32. What is the remainder when t is divided by d?
4
Let d be (1*-4)/(10/(-220)). Let y = d - 57. Calculate the remainder when y is divided by 16.
15
Let k be (4 + -3)*(-3)/(-1). Suppose j = -k*j + 20. Calculate the remainder when 40 is divided by (-2)/j - 107/(-5).
19
Suppose -4*q = -5*q - 5*j + 28, q + 17 = 4*j. Calculate the remainder when 3 is divided by q.
0
Calculate the remainder when (0 + (-1)/2)*-12 is divided by 2.
0
Suppose 0 = -4*t - 10 - 14. What is the remainder when (-1 - 1)/(t/51) is divided by 9?
8
Suppose 2*g - 5*t + 5 = 0, g + 3*t - 6 = 8. Suppose g*a - 3 - 7 = 0. What is the remainder when 4 is divided by a?
0
Let n be (-9)/(-2) - (-1)/(-2). Let h(d) = -d**3 + 6*d**2 - 4*d - 2. Calculate the remainder when (-1 + 3)/(5/195*3) is divided by h(n).
12
Let q(f) = -f + 27. Calculate the remainder when 250 is divided by q(9).
16
Suppose -s = 3*s - 104. Suppose 0 = -0*g + g - s. What is the remainder when g is divided by 14?
12
Suppose 5*m - 4*o = -0*o + 161, 5*m - 5*o = 160. What is the remainder when m is divided by 6/3*(-17)/(-2)?
16
Let f(y) = -y**2 - 10*y - 5. What is the remainder when 22 is divided by f(-8)?
0
Let o(g) = 41*g - 2. Calculate the remainder when o(1) is divided by 11.
6
Suppose 7*m - 5*m - 42 = 0. Calculate the remainder when m is divided by 6.
3
Let i be 8/2 + (-2 - 0). Suppose i*q = 7 + 3. What is the remainder when q*(-3)/(1*-3) is divided by 3?
2
Let n be -3*(0 - 2/(-3)). Let g be n*4/((-16)/10). Suppose 0 = -a - g*o + 14, 3*a - 3*o - 2 = 2*o. Calculate the remainder when 10 is divided by a.
2
Let h = 1 + 7. Calculate the remainder when 47 is divided by (-4)/(-16) + 190/h.
23
Let u = 10 - -1. What is the remainder when u is divided by 7?
4
Suppose -16*v = -15*v - 45. Calculate the remainder when 84 is divided by v.
39
Let q(h) = -2*h**2 + 28*h - 25. What is the remainder when q(11) is divided by 15?
11
Let y(p) = -9*p - 17. Calculate the remainder when y(-7) is divided by 16.
14
Calculate the remainder when 15/2*6 - 0 is divided by 12.
9
Let s(g) = -g. Let t(m) = m**2 + 8*m + 10. Let b be t(-7). Let n be (-9)/(0 - b)*-1. Calculate the remainder when 5 is divided by s(n).
2
Calculate the remainder when 21 is divided by 2 - (3 + -10 - 2).
10
Suppose s - 2 = -5. Calculate the remainder when 24 is divided by (0 - s/5)*15.
6
Suppose -2*n + 3*n = 84. Let d = n - 43. What is the remainder when d is divided by 11?
8
Let k(u) = -u**3 + u + 41. Let l = 54 + -33. What is the remainder when k(0) is divided by l?
20
Let s(m) = m**3 + 5*m**2 - 13*m + 14. Calculate the remainder when 24 is divided by s(-7).
3
Suppose -6 = 5*o - 16. Let a(u) = 2*u**3 - 4*u**2 + 3*u. Calculate the remainder when a(o) is divided by 2.
0
What is the remainder when 2/(-4) + (-2919)/(-42) is